vided by 13.
11
What is the remainder when 5570158 is divided by 639?
634
What is the remainder when 858527 is divided by 284633?
4628
What is the remainder when 152845 is divided by 494?
199
Calculate the remainder when 3429443 is divided by 320.
3
What is the remainder when 5712119 is divided by 10182?
17
Calculate the remainder when 198663902 is divided by 209.
206
What is the remainder when 318492 is divided by 174?
72
What is the remainder when 101669 is divided by 291?
110
Calculate the remainder when 3409030 is divided by 11.
9
What is the remainder when 75912 is divided by 1936?
408
Calculate the remainder when 40766783 is divided by 2145620.
3
Calculate the remainder when 7446599 is divided by 945.
944
Calculate the remainder when 2153833 is divided by 717165.
2338
What is the remainder when 18856099 is divided by 17?
5
What is the remainder when 3671417 is divided by 240?
137
Calculate the remainder when 8418144 is divided by 2104514.
88
Calculate the remainder when 404380 is divided by 13942.
62
Calculate the remainder when 17656 is divided by 4720.
3496
Calculate the remainder when 12555557 is divided by 3165.
2
Calculate the remainder when 306955 is divided by 426.
235
What is the remainder when 22406 is divided by 10300?
1806
Calculate the remainder when 1874089 is divided by 267726.
7
What is the remainder when 1132646 is divided by 141580?
6
What is the remainder when 5216 is divided by 398?
42
Calculate the remainder when 7013 is divided by 2352.
2309
What is the remainder when 62508593 is divided by 12?
5
What is the remainder when 218546 is divided by 683?
669
Calculate the remainder when 4213306 is divided by 553.
552
What is the remainder when 2812819 is divided by 47?
10
Calculate the remainder when 83507955 is divided by 176.
3
Calculate the remainder when 40002 is divided by 2632.
522
What is the remainder when 4190505 is divided by 1897?
32
Calculate the remainder when 73660 is divided by 4207.
2141
What is the remainder when 107381549 is divided by 75?
74
Calculate the remainder when 4846412 is divided by 1425.
1412
What is the remainder when 50430066 is divided by 9?
6
Calculate the remainder when 57440589 is divided by 15.
9
What is the remainder when 305706540 is divided by 1278?
1272
What is the remainder when 191998779 is divided by 247?
245
What is the remainder when 2889588 is divided by 1959?
63
What is the remainder when 52422859 is divided by 31?
30
What is the remainder when 23589 is divided by 1879?
1041
Calculate the remainder when 4321196 is divided by 179.
136
What is the remainder when 703616 is divided by 551?
540
What is the remainder when 770777 is divided by 770?
7
Calculate the remainder when 1260725 is divided by 4348.
4153
Calculate the remainder when 28842334 is divided by 1030083.
10
What is the remainder when 17675252 is divided by 192122?
28
What is the remainder when 18741443 is divided by 284?
283
What is the remainder when 4031 is divided by 377?
261
What is the remainder when 2227466217 is divided by 2436?
2433
Calculate the remainder when 1981730 is divided by 190.
30
What is the remainder when 127675 is divided by 15675?
2275
What is the remainder when 44842 is divided by 56?
42
What is the remainder when 752902 is divided by 2074?
40
Calculate the remainder when 3220619 is divided by 1939.
1879
What is the remainder when 24088040 is divided by 1720572?
32
Calculate the remainder when 101438 is divided by 8447.
74
Calculate the remainder when 1622962 is divided by 19.
1
Calculate the remainder when 4116336 is divided by 7962.
7944
What is the remainder when 6700 is divided by 391?
53
Calculate the remainder when 25835 is divided by 4762.
2025
Calculate the remainder when 7831742 is divided by 158.
156
Calculate the remainder when 395976 is divided by 1351.
133
What is the remainder when 1590800 is divided by 1590625?
175
What is the remainder when 28333365 is divided by 2181?
2175
What is the remainder when 793173 is divided by 86?
81
Calculate the remainder when 2057382 is divided by 1209.
873
What is the remainder when 1071610 is divided by 535804?
2
Calculate the remainder when 987862 is divided by 26697.
73
Calculate the remainder when 8099945 is divided by 63779.
12
What is the remainder when 98655968 is divided by 35?
33
Calculate the remainder when 64548 is divided by 503.
164
What is the remainder when 1306879 is divided by 261016?
1799
Calculate the remainder when 20132497 is divided by 2430.
2377
What is the remainder when 7409174 is divided by 1481824?
54
Calculate the remainder when 118425884 is divided by 1091.
16
What is the remainder when 90141 is divided by 18024?
21
Calculate the remainder when 5785764 is divided by 4420.
4404
Calculate the remainder when 104702 is divided by 3730.
262
Calculate the remainder when 13629 is divided by 5121.
3387
What is the remainder when 4792051 is divided by 39?
4
Calculate the remainder when 310084 is divided by 1104.
964
What is the remainder when 951742 is divided by 24?
22
Calculate the remainder when 8474041 is divided by 136678.
5
What is the remainder when 11867176 is divided by 1977862?
4
Calculate the remainder when 1265352 is divided by 180758.
46
What is the remainder when 8465830 is divided by 112877?
55
What is the remainder when 81632061 is divided by 34?
33
Calculate the remainder when 1502082 is divided by 23106.
192
What is the remainder when 31974 is divided by 3916?
646
What is the remainder when 32136135 is divided by 11?
9
Calculate the remainder when 238880 is divided by 386.
332
What is the remainder when 7721650 is divided by 2231?
159
Calculate the remainder when 557762 is divided by 12124.
58
What is the remainder when 360378 is divided by 180171?
36
What is the remainder when 48130114 is divided by 2673894?
22
What is the remainder when 21295 is divided by 19860?
1435
Calculate the remainder when 1274673 is divided by 72.
57
Calculate the remainder when 259328 is divided by 420.
188
What is the remainder when 5164085 is divided by 582?
581
Calculate the remainder when 37119843 is divided by 76.
75
What is the remainder when 27429197 is divided by 235?
232
Calculate the remainder when 1484312 is divided by 25157.
49
What is the remainder when 418780 is divided by 1028?
384
What is the remainder when 36447801 is divided by 1740?
21
Calculate the remainder when 41657 is divided by 20686.
285
Calculate the remainder when 23399 is divided by 63.
26
Calculate the remainder when 120480 is divided by 119.
52
Calculate the remainder when 60499 is divided by 20156.
31
Calculate the remainder when 24418 is divided by 24381.
37
Calculate the remainder when 157486361 is divided by 12231.
5
Calculate the remainder when 62379285 is divided by 12475842.
75
What is the remainder when 25699280 is divided by 1916?
1888
Calculate the remainder when 3436965 is divided by 1010.
945
What is the remainder when 42208 is divided by 6025?
33
Calculate the remainder when 11083326 is divided by 5541633.
60
Calculate the remainder when 47896234 is divided by 2280773.
1
What is the remainder when 1183013 is divided by 591500?
13
What is the remainder when 25639143 is divided by 18?
15
What is the remainder when 1965138 is divided by 3560?
18
What is the remainder when 8693884 is divided by 4346930?
24
What is the remainder when 1365095 is divided by 34127?
15
What is the remainder when 167505 is divided by 900?
105
Calculate the remainder when 8750217 is divided by 2076.
1953
Calculate the remainder when 845752 is divided by 117.
76
What is the remainder when 18967 is divided by 6121?
604
Calculate the remainder when 16859162 is divided by 75.
62
Calculate the remainder when 363241 is divided by 10735.
8986
Calculate the remainder when 2003029 is divided by 4702.
4679
What is the remainder when 3373250 is divided by 2215?
2020
What is the remainder when 1329988 is divided by 198?
22
Calculate the remainder when 1835473 is divided by 13300.
73
What is the remainder when 59607373 is divided by 24?
13
Calculate the remainder when 5435848 is divided by 1811928.
64
Calculate the remainder when 3239868 is divided by 530.
508
What is the remainder when 1347475 is divided by 1347473?
2
What is the remainder when 33633 is divided by 4784?
145